 of c?
2
Suppose -18*g + 239 = 41. Let q = 1267 - g. What is the units digit of q?
6
Let v(h) = -8*h**3 - 12*h - 11. Let f be v(-1). What is the hundreds digit of (-2*593)/(f - (1 - -10))?
5
Let j = -1108 - -1980. Suppose 5*k = 2*f + j, -4*k + f + 296 = -401. What is the tens digit of k?
7
Let s = -110 + 106. Let x be (-778)/s + 23/46. Suppose 333 = 6*z - x. What is the units digit of z?
8
Suppose -2*y + 1 = -j + 81, 240 = 3*j + 3*y. What is the hundreds digit of (484/5)/(8/j)?
9
Let j(y) = 2*y**2 + 2000*y - 2001*y + 18 + 0. What is the hundreds digit of j(15)?
4
Suppose -7*z - 4 = -8*z. Suppose -2654 - 106 = -10*a. Suppose -b + 345 = 2*t, -z*t + 411 = 5*b - a. What is the hundreds digit of t?
1
Let p be 6 - -142 - 3*-1. Suppose 2*g - 340 = -2*b, -363 - p = -3*b - 4*g. Suppose -184 - b = -5*k. What is the units digit of k?
0
Let g = -15286 - -21257. What is the units digit of g?
1
Suppose 0 = -23*j - 3352 + 20602. Let b = 18 + j. What is the tens digit of b?
6
What is the units digit of 12790 - (201/335)/((-1)/10)?
6
Let k be ((156/9)/(-2))/(8/(-24)). Suppose -k*m + 14150 = -m. What is the hundreds digit of m?
5
Suppose 3*m = 5*m - 2, 19 = 3*f + m. Suppose f*g - 1360 = g. Let b = 396 - g. What is the units digit of b?
4
Let u be 1257*1 - (3 - (1 + 2)). Let w = u - 883. What is the units digit of w?
4
Let u = 382 + -561. Let i = 437 + u. Suppose 0 = 12*j - 9*j - i. What is the units digit of j?
6
Suppose 454218 = -129*q + 4621563. What is the tens digit of q?
0
Let d(h) = 20*h**2 - 56*h - 10. Let k be d(11). Suppose 2*y - 4*z + k = 5*y, -y - 4*z + 606 = 0. What is the hundreds digit of y?
5
Suppose -13*i - 9*i + 110 = 0. Suppose 0 = 2*d - 5*p - 523, 1395 = d + 4*d + i*p. What is the tens digit of d?
7
Let q = 9071 - 5751. What is the units digit of q?
0
Suppose 93*x - 79*x - 18802 = 0. What is the units digit of x?
3
Suppose -5*r + k = -219103, -11*r + 16*r - 2*k - 219096 = 0. What is the tens digit of r?
2
Suppose -22*y - 5*x + 13916 = -18*y, y + 3*x = 3472. Let t = y - 2004. What is the hundreds digit of t?
4
Suppose -3*m + 36 = -2*u, 3*m - 29 = 5*u - 2. Let g be -4 + 2 + 3 + -4. Let w = m - g. What is the tens digit of w?
1
Let z = -5715 + 10182. Let m = z - 2996. What is the tens digit of m?
7
Let z(k) be the third derivative of k**6/60 - k**5/6 + 11*k**4/24 - 13*k**3/6 + 2*k**2 - 23*k. What is the units digit of z(9)?
4
Let n be (68/(-8) + -2)*(-32)/56. Let t(i) = 33*i**2 - 4*i - 37. What is the hundreds digit of t(n)?
1
Suppose -5069 = -5*b + 26416. What is the thousands digit of b?
6
What is the tens digit of 10 - -1 - (-22673 + 132)?
5
Let s be -4*(21/(-6))/7. Let n be 2*(-1)/s + 2. What is the tens digit of (3 - n - 7)*(-12 - -1)?
5
What is the tens digit of (34/221 - (-557106)/(-26))*(-20)/14?
1
Let f(t) = 613 + 2*t**3 - 8*t + 7*t + 9*t - t**3 + 0*t**3. What is the hundreds digit of f(0)?
6
Let o(c) = c**3 - 20*c**2 + 45*c + 28. Let b be o(21). Let w = -926 + b. What is the units digit of w?
8
Suppose 3*h = h + 10. Suppose -3*w + h*s = 239, -3*s = -0*w - 4*w - 337. Let x = w - -224. What is the units digit of x?
6
Let k be (-1 - 1)*(-5)/(-2). Let l(s) = -66*s + 29. What is the units digit of l(k)?
9
Let l = 24 + -12. Suppose -d = -l - 15. Suppose d*o - 25*o - 60 = 0. What is the units digit of o?
0
Let y = -70 - -1027. Let n = y + -534. What is the units digit of n?
3
Let m = 29634 + -9102. What is the hundreds digit of m?
5
Suppose p - 5*p = -3*y + 2499, -4*p + 5*y = 2501. Let j = -315 - p. What is the units digit of j?
9
Suppose 4*l - 405 = l. Let v be 75840/l - (-4)/18. Suppose k - 12 = 5*k, 2*k + v = 4*d. What is the tens digit of d?
3
Suppose 5*q + 15 = 0, 5*c - 27268 + 251 = 4*q. What is the thousands digit of c?
5
What is the thousands digit of ((-36)/(-630)*-14)/(2/(-71455))?
8
What is the hundreds digit of 21/(-56)*8/18 - 709677/(-54)?
1
Let d be 76/18 - ((-32)/18 + 2). Suppose 2*y = 6*y + t - 3627, -3629 = -d*y + t. What is the tens digit of y?
0
Suppose -81722 = 80*j - 82*j + 4*t, -5*j = t - 204371. What is the units digit of j?
3
Let m = 33 - 30. Suppose z - 3*p - 3 = 4*z, -m*z + 2*p = -17. What is the tens digit of (9/2)/z*1104/9?
8
What is the units digit of (-9668)/(-26) - (82/(-26) + (20 - 17))?
2
Let o(y) = -71*y**2 + 29*y + 23. Let l(r) = 24*r**2 - 10*r - 8. Let b(f) = -17*l(f) - 6*o(f). Suppose z + z + 6 = 0. What is the units digit of b(z)?
2
Suppose -3*f - 54*o - 1835 = -53*o, 0 = 5*f - 5*o + 3025. Let b = -358 - f. What is the hundreds digit of b?
2
Suppose 3*m - 5*o = -30 - 145, -4*o = -20. What is the hundreds digit of (-17820)/m - (-2)/(-5)?
3
Suppose 8*k = 4*k + 128. Let r be (-24)/k - (-550)/8. Suppose 24 = 2*d - r. What is the tens digit of d?
4
Let t(h) = 232*h**3 - 24*h + 2. What is the ten thousands digit of t(4)?
1
Suppose -228322 = -7*b - 150814 + 258541. What is the units digit of b?
7
Suppose 23*l - 19*l - 116 = 0. Suppose l*v - 1975 = 24*v. What is the units digit of v?
5
Suppose -14*s + 24145 = -87127. What is the hundreds digit of s?
9
Let d(a) be the second derivative of -2*a**4/3 - 7*a**3 - 166*a. What is the tens digit of d(-5)?
1
Let k be (-5)/35 + (-60)/(-28). What is the hundreds digit of (k/6)/(105954/17658 + -6)?
9
Let i = -103 - -148. Let k(h) = -i*h**2 + 3*h - 4*h + 25*h**2 + 21*h**2 - 2. What is the units digit of k(-2)?
4
Suppose -17*u - 958 = 674. What is the tens digit of -1594*(-3)/4 - (-48)/u?
9
Let v(l) = 2*l**3 - 13*l**2 - 45*l - 182. What is the tens digit of v(22)?
3
Let n be (12/(-14))/(-9*3/(-189)). Let a(v) = -v**3 + 10*v**2 + 11*v - 12. What is the units digit of a(n)?
8
Let p = -58 + 71. Suppose p = 8*s - 51. Suppose 4*g + s*g - 2076 = 0. What is the units digit of g?
3
Let c(b) = 28*b**2 - 3*b - 10. What is the tens digit of c(13)?
8
Let z(k) = -4*k + 75. Let o(d) = -d**3 + 8*d**2 + 3*d - 16. Let v(f) = f**2 + f. Let s(h) = -o(h) + 2*v(h). Let c be s(6). What is the tens digit of z(c)?
3
Suppose -4*v + 121 = g, -5*g - v + 776 = 114. Suppose g*t = 138*t - 605. What is the hundreds digit of t?
1
Let k(a) = a + 26 + 36 + 26 + 84. What is the hundreds digit of k(24)?
1
Let h(q) = 7*q**2 - 6*q + 5. Let f be h(-7). Let v = -105 + f. Let b = -144 + v. What is the hundreds digit of b?
1
Suppose 5*q + 172 = 3*z - 658, 5*q + 3*z = -860. What is the tens digit of 6/8 - q*(-13)/(-4)?
5
Let q(n) = n**2 + 1. Let z(j) = 3*j**2 + 14*j - 12. Let u(c) = 2*q(c) - z(c). Let s be u(-14). Suppose -1166 - 276 = -s*b. What is the hundreds digit of b?
1
Let n = -292 - -330. Let q(m) = -3*m**2 + 115*m - 29. What is the units digit of q(n)?
9
Let d = -74 - -6739. What is the tens digit of d?
6
Let d(l) = 2*l**2 + 28*l + 45. Let p be d(-12). What is the tens digit of 293 + (3 - 7) + p?
8
Let i = 114 - 110. Let c(k) = 55*k - 14. What is the tens digit of c(i)?
0
Suppose b + 6 = 0, -29*b - 211848 = -9*z - 34*b. What is the tens digit of z?
4
Suppose 34455 = 7*u + 4*u - 21502. What is the tens digit of u?
8
Let d = -153 - -148. Let a = -150 + 428. What is the tens digit of 4/(-4)*(d - a)?
8
Suppose 4*c - 1614 - 30 = 0. Let y = c + -278. Let o = y + 19. What is the units digit of o?
2
Let q(h) = -744*h + 5615. What is the ten thousands digit of q(-17)?
1
Suppose 186 = 2*h - 3*a - a, -5*h + 3*a + 437 = 0. Let s = h + -85. What is the tens digit of (-2372)/(-10) - s - (-47)/(-235)?
3
Suppose 8*z - 29 = 7*z. Suppose -z*x + 34*x - 35 = 0. Suppose v - 60 = -x. What is the units digit of v?
3
Suppose s - 5*w + 3 + 4 = 0, 3*s - 39 = 3*w. What is the units digit of (1086/(-9))/((-3)/s)?
4
Suppose -13*c + 2331 + 5976 = 0. Let s = c - 204. Suppose 4*m = 9*m - s. What is the units digit of m?
7
Suppose -8 = 4*n, 4*p - 2*n - n - 67350 = 0. What is the tens digit of p?
3
Suppose 23*p - 4636 = 171. Suppose -13 - p = -2*h. What is the tens digit of h?
1
Suppose 4*m - 3*t = -t + 28, m + 5*t + 15 = 0. What is the hundreds digit of (-3)/(-9) - (1798/(-6) - m)?
3
Suppose -3*t + 2*g = -47930, 51*t + 5*g = 48*t + 47944. What is the hundreds digit of t?
9
What is the thousands digit of 69852/18*(105 + -90)?
8
Suppose 36*w - 33*w = -5*n + 322035, -5*w = 0. What is the hundreds digit of n?
4
Let v(h) be the first derivative of 5*h**3 - h**2/2 - 35*h + 202. What is the hundreds digit of v(-8)?
9
Suppose 4*h + 905 - 29 = 0.